[Thu Dec 11 06:49:59.633063 2025] [php:error] [pid 8832:tid 1840] [client ::1:60652] PHP Fatal error:  Uncaught mysqli_sql_exception: Unknown column 'rda.nilai_katrol' in 'field list' in D:\\UniServerZ\\www\\rapor\\penilaian_tampil.php:538\nStack trace:\n#0 D:\\UniServerZ\\www\\rapor\\penilaian_tampil.php(538): mysqli_query()\n#1 {main}\n  thrown in D:\\UniServerZ\\www\\rapor\\penilaian_tampil.php on line 538, referer: http://localhost/rapor/penilaian_input_nilai.php?id_penilaian=1400
[Thu Dec 11 06:50:10.200451 2025] [php:error] [pid 8832:tid 1840] [client ::1:60652] PHP Fatal error:  Uncaught mysqli_sql_exception: Unknown column 'rda.nilai_katrol' in 'field list' in D:\\UniServerZ\\www\\rapor\\penilaian_tampil.php:538\nStack trace:\n#0 D:\\UniServerZ\\www\\rapor\\penilaian_tampil.php(538): mysqli_query()\n#1 {main}\n  thrown in D:\\UniServerZ\\www\\rapor\\penilaian_tampil.php on line 538, referer: http://localhost/rapor/penilaian_input_nilai.php?id_penilaian=1399
[Thu Dec 11 06:50:20.506705 2025] [php:error] [pid 8832:tid 1840] [client ::1:60652] PHP Fatal error:  Uncaught mysqli_sql_exception: Unknown column 'rda.nilai_katrol' in 'field list' in D:\\UniServerZ\\www\\rapor\\penilaian_tampil.php:538\nStack trace:\n#0 D:\\UniServerZ\\www\\rapor\\penilaian_tampil.php(538): mysqli_query()\n#1 {main}\n  thrown in D:\\UniServerZ\\www\\rapor\\penilaian_tampil.php on line 538, referer: http://localhost/rapor/penilaian_input_nilai.php?id_penilaian=1398
[Thu Dec 11 06:50:30.953985 2025] [php:error] [pid 8832:tid 1824] [client ::1:49654] PHP Fatal error:  Uncaught mysqli_sql_exception: Unknown column 'rda.nilai_katrol' in 'field list' in D:\\UniServerZ\\www\\rapor\\penilaian_tampil.php:538\nStack trace:\n#0 D:\\UniServerZ\\www\\rapor\\penilaian_tampil.php(538): mysqli_query()\n#1 {main}\n  thrown in D:\\UniServerZ\\www\\rapor\\penilaian_tampil.php on line 538, referer: http://localhost/rapor/penilaian_tampil.php
[Thu Dec 11 06:50:39.078028 2025] [php:error] [pid 8832:tid 1824] [client ::1:49654] PHP Fatal error:  Uncaught mysqli_sql_exception: Unknown column 'rda.nilai_katrol' in 'field list' in D:\\UniServerZ\\www\\rapor\\penilaian_tampil.php:538\nStack trace:\n#0 D:\\UniServerZ\\www\\rapor\\penilaian_tampil.php(538): mysqli_query()\n#1 {main}\n  thrown in D:\\UniServerZ\\www\\rapor\\penilaian_tampil.php on line 538, referer: http://localhost/rapor/penilaian_input_nilai.php?id_penilaian=1397
[Thu Dec 11 06:51:02.796101 2025] [php:error] [pid 8832:tid 1848] [client 192.168.10.1:59412] PHP Fatal error:  Uncaught mysqli_sql_exception: Unknown column 'rda.nilai_katrol' in 'field list' in D:\\UniServerZ\\www\\rapor\\penilaian_tampil.php:538\nStack trace:\n#0 D:\\UniServerZ\\www\\rapor\\penilaian_tampil.php(538): mysqli_query()\n#1 {main}\n  thrown in D:\\UniServerZ\\www\\rapor\\penilaian_tampil.php on line 538, referer: http://192.168.10.109/rapor/penilaian_input_nilai.php?id_penilaian=1208
[Thu Dec 11 06:51:39.027694 2025] [php:error] [pid 8832:tid 1840] [client ::1:52337] PHP Fatal error:  Uncaught mysqli_sql_exception: Unknown column 'rda.nilai_katrol' in 'field list' in D:\\UniServerZ\\www\\rapor\\penilaian_tampil.php:538\nStack trace:\n#0 D:\\UniServerZ\\www\\rapor\\penilaian_tampil.php(538): mysqli_query()\n#1 {main}\n  thrown in D:\\UniServerZ\\www\\rapor\\penilaian_tampil.php on line 538, referer: http://localhost/rapor/penilaian_tampil.php?id_kelas=8&id_mapel=12
[Thu Dec 11 06:51:49.783123 2025] [php:error] [pid 8832:tid 1840] [client ::1:52337] PHP Fatal error:  Uncaught mysqli_sql_exception: Unknown column 'rda.nilai_katrol' in 'field list' in D:\\UniServerZ\\www\\rapor\\penilaian_tampil.php:538\nStack trace:\n#0 D:\\UniServerZ\\www\\rapor\\penilaian_tampil.php(538): mysqli_query()\n#1 {main}\n  thrown in D:\\UniServerZ\\www\\rapor\\penilaian_tampil.php on line 538, referer: http://localhost/rapor/penilaian_input_nilai.php?id_penilaian=1397
[Thu Dec 11 06:52:00.901866 2025] [php:error] [pid 8832:tid 1856] [client ::1:51093] PHP Fatal error:  Uncaught mysqli_sql_exception: Unknown column 'rda.nilai_katrol' in 'field list' in D:\\UniServerZ\\www\\rapor\\penilaian_tampil.php:538\nStack trace:\n#0 D:\\UniServerZ\\www\\rapor\\penilaian_tampil.php(538): mysqli_query()\n#1 {main}\n  thrown in D:\\UniServerZ\\www\\rapor\\penilaian_tampil.php on line 538, referer: http://localhost/rapor/penilaian_input_nilai.php?id_penilaian=1396
[Thu Dec 11 06:52:09.669175 2025] [php:error] [pid 8832:tid 1784] [client 192.168.10.1:49758] PHP Fatal error:  Uncaught mysqli_sql_exception: Unknown column 'rda.nilai_katrol' in 'field list' in D:\\UniServerZ\\www\\rapor\\penilaian_tampil.php:538\nStack trace:\n#0 D:\\UniServerZ\\www\\rapor\\penilaian_tampil.php(538): mysqli_query()\n#1 {main}\n  thrown in D:\\UniServerZ\\www\\rapor\\penilaian_tampil.php on line 538, referer: http://192.168.10.109/rapor/penilaian_tampil.php
[Thu Dec 11 06:52:11.291281 2025] [php:error] [pid 8832:tid 1856] [client ::1:51093] PHP Fatal error:  Uncaught mysqli_sql_exception: Unknown column 'rda.nilai_katrol' in 'field list' in D:\\UniServerZ\\www\\rapor\\penilaian_tampil.php:538\nStack trace:\n#0 D:\\UniServerZ\\www\\rapor\\penilaian_tampil.php(538): mysqli_query()\n#1 {main}\n  thrown in D:\\UniServerZ\\www\\rapor\\penilaian_tampil.php on line 538, referer: http://localhost/rapor/penilaian_input_nilai.php?id_penilaian=1395
[Thu Dec 11 06:53:08.156172 2025] [php:error] [pid 8832:tid 1808] [client 192.168.10.1:49364] PHP Fatal error:  Uncaught mysqli_sql_exception: Unknown column 'rda.nilai_katrol' in 'field list' in D:\\UniServerZ\\www\\rapor\\penilaian_tampil.php:538\nStack trace:\n#0 D:\\UniServerZ\\www\\rapor\\penilaian_tampil.php(538): mysqli_query()\n#1 {main}\n  thrown in D:\\UniServerZ\\www\\rapor\\penilaian_tampil.php on line 538, referer: http://192.168.10.109/rapor/penilaian_input_nilai.php?id_penilaian=1180
[Thu Dec 11 06:53:30.294198 2025] [php:error] [pid 8832:tid 1840] [client 192.168.10.1:59896] PHP Fatal error:  Uncaught mysqli_sql_exception: Unknown column 'rda.nilai_katrol' in 'field list' in D:\\UniServerZ\\www\\rapor\\penilaian_tampil.php:538\nStack trace:\n#0 D:\\UniServerZ\\www\\rapor\\penilaian_tampil.php(538): mysqli_query()\n#1 {main}\n  thrown in D:\\UniServerZ\\www\\rapor\\penilaian_tampil.php on line 538, referer: http://192.168.10.109/rapor/dashboard.php
[Thu Dec 11 06:53:58.643824 2025] [php:error] [pid 8832:tid 1808] [client 192.168.10.1:52698] PHP Fatal error:  Uncaught mysqli_sql_exception: Unknown column 'rda.nilai_katrol' in 'field list' in D:\\UniServerZ\\www\\rapor\\penilaian_tampil.php:538\nStack trace:\n#0 D:\\UniServerZ\\www\\rapor\\penilaian_tampil.php(538): mysqli_query()\n#1 {main}\n  thrown in D:\\UniServerZ\\www\\rapor\\penilaian_tampil.php on line 538, referer: http://192.168.10.109/rapor/penilaian_tampil.php
[Thu Dec 11 06:53:58.862778 2025] [php:error] [pid 8832:tid 1840] [client 192.168.10.1:59525] PHP Fatal error:  Uncaught mysqli_sql_exception: Unknown column 'rda.nilai_katrol' in 'field list' in D:\\UniServerZ\\www\\rapor\\penilaian_tampil.php:538\nStack trace:\n#0 D:\\UniServerZ\\www\\rapor\\penilaian_tampil.php(538): mysqli_query()\n#1 {main}\n  thrown in D:\\UniServerZ\\www\\rapor\\penilaian_tampil.php on line 538, referer: http://192.168.10.109/rapor/penilaian_tampil.php
[Thu Dec 11 06:55:18.987858 2025] [php:error] [pid 8832:tid 1856] [client 192.168.10.1:51478] PHP Fatal error:  Uncaught mysqli_sql_exception: Unknown column 'rda.nilai_katrol' in 'field list' in D:\\UniServerZ\\www\\rapor\\penilaian_tampil.php:538\nStack trace:\n#0 D:\\UniServerZ\\www\\rapor\\penilaian_tampil.php(538): mysqli_query()\n#1 {main}\n  thrown in D:\\UniServerZ\\www\\rapor\\penilaian_tampil.php on line 538, referer: http://192.168.10.109/rapor/penilaian_input_nilai.php?id_penilaian=1184
[Thu Dec 11 06:55:55.870585 2025] [php:error] [pid 8832:tid 1848] [client 192.168.10.1:59920] PHP Fatal error:  Uncaught mysqli_sql_exception: Unknown column 'rda.nilai_katrol' in 'field list' in D:\\UniServerZ\\www\\rapor\\penilaian_tampil.php:538\nStack trace:\n#0 D:\\UniServerZ\\www\\rapor\\penilaian_tampil.php(538): mysqli_query()\n#1 {main}\n  thrown in D:\\UniServerZ\\www\\rapor\\penilaian_tampil.php on line 538, referer: http://192.168.10.109/rapor/penilaian_tambah.php?id_kelas=13&id_mapel=5
[Thu Dec 11 06:56:28.779802 2025] [php:error] [pid 8832:tid 1804] [client 192.168.10.1:50705] PHP Fatal error:  Uncaught mysqli_sql_exception: Unknown column 'rda.nilai_katrol' in 'field list' in D:\\UniServerZ\\www\\rapor\\penilaian_tampil.php:538\nStack trace:\n#0 D:\\UniServerZ\\www\\rapor\\penilaian_tampil.php(538): mysqli_query()\n#1 {main}\n  thrown in D:\\UniServerZ\\www\\rapor\\penilaian_tampil.php on line 538, referer: http://192.168.10.109/rapor/penilaian_tampil.php
[Thu Dec 11 06:56:29.034433 2025] [php:error] [pid 8832:tid 1784] [client 192.168.10.1:54296] PHP Fatal error:  Uncaught mysqli_sql_exception: Unknown column 'rda.nilai_katrol' in 'field list' in D:\\UniServerZ\\www\\rapor\\penilaian_tampil.php:538\nStack trace:\n#0 D:\\UniServerZ\\www\\rapor\\penilaian_tampil.php(538): mysqli_query()\n#1 {main}\n  thrown in D:\\UniServerZ\\www\\rapor\\penilaian_tampil.php on line 538, referer: http://192.168.10.109/rapor/penilaian_tampil.php
[Thu Dec 11 06:58:16.015029 2025] [php:error] [pid 8832:tid 1840] [client 192.168.10.1:63801] PHP Fatal error:  Uncaught mysqli_sql_exception: Unknown column 'rda.nilai_katrol' in 'field list' in D:\\UniServerZ\\www\\rapor\\penilaian_tampil.php:538\nStack trace:\n#0 D:\\UniServerZ\\www\\rapor\\penilaian_tampil.php(538): mysqli_query()\n#1 {main}\n  thrown in D:\\UniServerZ\\www\\rapor\\penilaian_tampil.php on line 538, referer: http://192.168.10.109/rapor/penilaian_input_nilai.php?id_penilaian=1188
[Thu Dec 11 06:58:40.232169 2025] [php:error] [pid 8832:tid 1840] [client 192.168.10.1:59971] PHP Fatal error:  Uncaught mysqli_sql_exception: Unknown column 'rda.nilai_katrol' in 'field list' in D:\\UniServerZ\\www\\rapor\\penilaian_tampil.php:538\nStack trace:\n#0 D:\\UniServerZ\\www\\rapor\\penilaian_tampil.php(538): mysqli_query()\n#1 {main}\n  thrown in D:\\UniServerZ\\www\\rapor\\penilaian_tampil.php on line 538, referer: http://192.168.10.109/rapor/dashboard.php
[Thu Dec 11 07:00:23.419789 2025] [php:error] [pid 8832:tid 1840] [client 192.168.10.1:65260] PHP Fatal error:  Uncaught mysqli_sql_exception: Unknown column 'rda.nilai_katrol' in 'field list' in D:\\UniServerZ\\www\\rapor\\penilaian_tampil.php:538\nStack trace:\n#0 D:\\UniServerZ\\www\\rapor\\penilaian_tampil.php(538): mysqli_query()\n#1 {main}\n  thrown in D:\\UniServerZ\\www\\rapor\\penilaian_tampil.php on line 538, referer: http://192.168.10.109/rapor/penilaian_tampil.php
[Thu Dec 11 07:01:06.077907 2025] [php:error] [pid 8832:tid 1840] [client 192.168.10.1:57501] PHP Fatal error:  Uncaught mysqli_sql_exception: Unknown column 'rda.nilai_katrol' in 'field list' in D:\\UniServerZ\\www\\rapor\\penilaian_tampil.php:538\nStack trace:\n#0 D:\\UniServerZ\\www\\rapor\\penilaian_tampil.php(538): mysqli_query()\n#1 {main}\n  thrown in D:\\UniServerZ\\www\\rapor\\penilaian_tampil.php on line 538, referer: http://192.168.10.109/rapor/penilaian_input_nilai.php?id_penilaian=1192
[Thu Dec 11 07:02:11.396452 2025] [php:error] [pid 8832:tid 1784] [client 192.168.10.1:58208] PHP Fatal error:  Uncaught mysqli_sql_exception: Unknown column 'rda.nilai_katrol' in 'field list' in D:\\UniServerZ\\www\\rapor\\penilaian_tampil.php:538\nStack trace:\n#0 D:\\UniServerZ\\www\\rapor\\penilaian_tampil.php(538): mysqli_query()\n#1 {main}\n  thrown in D:\\UniServerZ\\www\\rapor\\penilaian_tampil.php on line 538, referer: http://192.168.10.109/rapor/penilaian_tampil.php
[Thu Dec 11 07:03:37.685898 2025] [php:error] [pid 8832:tid 1784] [client 192.168.10.1:52588] PHP Fatal error:  Uncaught mysqli_sql_exception: Unknown column 'rda.nilai_katrol' in 'field list' in D:\\UniServerZ\\www\\rapor\\penilaian_tampil.php:538\nStack trace:\n#0 D:\\UniServerZ\\www\\rapor\\penilaian_tampil.php(538): mysqli_query()\n#1 {main}\n  thrown in D:\\UniServerZ\\www\\rapor\\penilaian_tampil.php on line 538, referer: http://192.168.10.109/rapor/penilaian_input_nilai.php?id_penilaian=1196
[Thu Dec 11 07:04:20.727280 2025] [php:error] [pid 8832:tid 1784] [client 192.168.10.1:60561] PHP Fatal error:  Uncaught mysqli_sql_exception: Unknown column 'rda.nilai_katrol' in 'field list' in D:\\UniServerZ\\www\\rapor\\penilaian_tampil.php:538\nStack trace:\n#0 D:\\UniServerZ\\www\\rapor\\penilaian_tampil.php(538): mysqli_query()\n#1 {main}\n  thrown in D:\\UniServerZ\\www\\rapor\\penilaian_tampil.php on line 538, referer: http://192.168.10.109/rapor/penilaian_tampil.php
[Thu Dec 11 07:04:20.951150 2025] [php:error] [pid 8832:tid 1808] [client 192.168.10.1:52531] PHP Fatal error:  Uncaught mysqli_sql_exception: Unknown column 'rda.nilai_katrol' in 'field list' in D:\\UniServerZ\\www\\rapor\\penilaian_tampil.php:538\nStack trace:\n#0 D:\\UniServerZ\\www\\rapor\\penilaian_tampil.php(538): mysqli_query()\n#1 {main}\n  thrown in D:\\UniServerZ\\www\\rapor\\penilaian_tampil.php on line 538, referer: http://192.168.10.109/rapor/penilaian_tampil.php
[Thu Dec 11 07:04:56.054392 2025] [php:error] [pid 8832:tid 1784] [client 192.168.10.1:63363] PHP Fatal error:  Uncaught mysqli_sql_exception: Unknown column 'rda.nilai_katrol' in 'field list' in D:\\UniServerZ\\www\\rapor\\penilaian_tampil.php:538\nStack trace:\n#0 D:\\UniServerZ\\www\\rapor\\penilaian_tampil.php(538): mysqli_query()\n#1 {main}\n  thrown in D:\\UniServerZ\\www\\rapor\\penilaian_tampil.php on line 538, referer: http://192.168.10.109/rapor/penilaian_input_nilai.php?id_penilaian=1200
[Thu Dec 11 07:06:29.824081 2025] [php:error] [pid 8832:tid 1784] [client 192.168.10.1:51953] PHP Fatal error:  Uncaught mysqli_sql_exception: Unknown column 'rda.nilai_katrol' in 'field list' in D:\\UniServerZ\\www\\rapor\\penilaian_tampil.php:538\nStack trace:\n#0 D:\\UniServerZ\\www\\rapor\\penilaian_tampil.php(538): mysqli_query()\n#1 {main}\n  thrown in D:\\UniServerZ\\www\\rapor\\penilaian_tampil.php on line 538, referer: http://192.168.10.109/rapor/penilaian_tampil.php
[Thu Dec 11 07:07:24.072670 2025] [php:error] [pid 8832:tid 1784] [client 192.168.10.1:60799] PHP Fatal error:  Uncaught mysqli_sql_exception: Unknown column 'rda.nilai_katrol' in 'field list' in D:\\UniServerZ\\www\\rapor\\penilaian_tampil.php:538\nStack trace:\n#0 D:\\UniServerZ\\www\\rapor\\penilaian_tampil.php(538): mysqli_query()\n#1 {main}\n  thrown in D:\\UniServerZ\\www\\rapor\\penilaian_tampil.php on line 538, referer: http://192.168.10.109/rapor/penilaian_input_nilai.php?id_penilaian=1204
[Thu Dec 11 07:08:35.004806 2025] [php:error] [pid 8832:tid 1784] [client 192.168.10.1:54651] PHP Fatal error:  Uncaught mysqli_sql_exception: Unknown column 'rda.nilai_katrol' in 'field list' in D:\\UniServerZ\\www\\rapor\\penilaian_tampil.php:538\nStack trace:\n#0 D:\\UniServerZ\\www\\rapor\\penilaian_tampil.php(538): mysqli_query()\n#1 {main}\n  thrown in D:\\UniServerZ\\www\\rapor\\penilaian_tampil.php on line 538, referer: http://192.168.10.109/rapor/penilaian_tampil.php
[Thu Dec 11 07:08:45.254263 2025] [php:error] [pid 8832:tid 1808] [client 192.168.10.1:60044] PHP Fatal error:  Uncaught mysqli_sql_exception: Unknown column 'rda.nilai_katrol' in 'field list' in D:\\UniServerZ\\www\\rapor\\penilaian_tampil.php:538\nStack trace:\n#0 D:\\UniServerZ\\www\\rapor\\penilaian_tampil.php(538): mysqli_query()\n#1 {main}\n  thrown in D:\\UniServerZ\\www\\rapor\\penilaian_tampil.php on line 538, referer: http://192.168.10.109/rapor/penilaian_tampil.php?id_kelas=14&id_mapel=5
[Thu Dec 11 07:09:14.011110 2025] [php:error] [pid 8832:tid 1784] [client 192.168.10.1:53962] PHP Fatal error:  Uncaught mysqli_sql_exception: Unknown column 'rda.nilai_katrol' in 'field list' in D:\\UniServerZ\\www\\rapor\\penilaian_tampil.php:538\nStack trace:\n#0 D:\\UniServerZ\\www\\rapor\\penilaian_tampil.php(538): mysqli_query()\n#1 {main}\n  thrown in D:\\UniServerZ\\www\\rapor\\penilaian_tampil.php on line 538, referer: http://192.168.10.109/rapor/penilaian_input_nilai.php?id_penilaian=1200
[Thu Dec 11 07:09:21.478139 2025] [php:error] [pid 8832:tid 1856] [client 192.168.10.1:60074] PHP Fatal error:  Uncaught mysqli_sql_exception: Unknown column 'rda.nilai_katrol' in 'field list' in D:\\UniServerZ\\www\\rapor\\penilaian_tampil.php:538\nStack trace:\n#0 D:\\UniServerZ\\www\\rapor\\penilaian_tampil.php(538): mysqli_query()\n#1 {main}\n  thrown in D:\\UniServerZ\\www\\rapor\\penilaian_tampil.php on line 538, referer: http://192.168.10.109/rapor/dashboard.php
[Thu Dec 11 07:09:57.102704 2025] [php:error] [pid 8832:tid 1808] [client 192.168.10.1:60096] PHP Fatal error:  Uncaught mysqli_sql_exception: Unknown column 'rda.nilai_katrol' in 'field list' in D:\\UniServerZ\\www\\rapor\\penilaian_tampil.php:538\nStack trace:\n#0 D:\\UniServerZ\\www\\rapor\\penilaian_tampil.php(538): mysqli_query()\n#1 {main}\n  thrown in D:\\UniServerZ\\www\\rapor\\penilaian_tampil.php on line 538, referer: http://192.168.10.109/rapor/penilaian_tampil.php?id_kelas=13&id_mapel=5
[Thu Dec 11 07:10:25.819918 2025] [php:error] [pid 8832:tid 1804] [client 192.168.10.1:60119] PHP Fatal error:  Uncaught mysqli_sql_exception: Unknown column 'rda.nilai_katrol' in 'field list' in D:\\UniServerZ\\www\\rapor\\penilaian_tampil.php:538\nStack trace:\n#0 D:\\UniServerZ\\www\\rapor\\penilaian_tampil.php(538): mysqli_query()\n#1 {main}\n  thrown in D:\\UniServerZ\\www\\rapor\\penilaian_tampil.php on line 538, referer: http://192.168.10.109/rapor/dashboard.php
[Thu Dec 11 07:11:31.140847 2025] [access_compat:error] [pid 8832:tid 1804] [client 192.168.10.211:48816] AH01797: client denied by server configuration: D:/UniServerZ/www/
[Thu Dec 11 07:11:49.709690 2025] [php:error] [pid 8832:tid 1804] [client 192.168.10.1:60176] PHP Fatal error:  Uncaught mysqli_sql_exception: Unknown column 'rda.nilai_katrol' in 'field list' in D:\\UniServerZ\\www\\rapor\\penilaian_tampil.php:538\nStack trace:\n#0 D:\\UniServerZ\\www\\rapor\\penilaian_tampil.php(538): mysqli_query()\n#1 {main}\n  thrown in D:\\UniServerZ\\www\\rapor\\penilaian_tampil.php on line 538, referer: http://192.168.10.109/rapor/dashboard.php
[Thu Dec 11 07:12:54.381526 2025] [php:warn] [pid 8832:tid 1848] [client 192.168.10.211:48912] PHP Warning:  Undefined array key "username" in D:\\UniServerZ\\www\\rapor\\proses_login.php on line 7
[Thu Dec 11 07:12:54.381526 2025] [php:warn] [pid 8832:tid 1848] [client 192.168.10.211:48912] PHP Warning:  Undefined array key "password" in D:\\UniServerZ\\www\\rapor\\proses_login.php on line 8
[Thu Dec 11 07:12:55.563643 2025] [php:error] [pid 8832:tid 1856] [client 192.168.10.1:60215] PHP Fatal error:  Uncaught mysqli_sql_exception: Unknown column 'rda.nilai_katrol' in 'field list' in D:\\UniServerZ\\www\\rapor\\penilaian_tampil.php:538\nStack trace:\n#0 D:\\UniServerZ\\www\\rapor\\penilaian_tampil.php(538): mysqli_query()\n#1 {main}\n  thrown in D:\\UniServerZ\\www\\rapor\\penilaian_tampil.php on line 538, referer: http://192.168.10.109/rapor/dashboard.php
[Thu Dec 11 07:15:48.663214 2025] [php:error] [pid 8832:tid 1856] [client 192.168.10.1:63053] PHP Fatal error:  Uncaught mysqli_sql_exception: Unknown column 'rda.nilai_katrol' in 'field list' in D:\\UniServerZ\\www\\rapor\\penilaian_tampil.php:538\nStack trace:\n#0 D:\\UniServerZ\\www\\rapor\\penilaian_tampil.php(538): mysqli_query()\n#1 {main}\n  thrown in D:\\UniServerZ\\www\\rapor\\penilaian_tampil.php on line 538, referer: http://192.168.10.109/rapor/penilaian_tampil.php
[Thu Dec 11 07:16:25.119778 2025] [php:error] [pid 8832:tid 1804] [client 192.168.10.1:49194] PHP Fatal error:  Uncaught mysqli_sql_exception: Unknown column 'rda.nilai_katrol' in 'field list' in D:\\UniServerZ\\www\\rapor\\penilaian_tampil.php:538\nStack trace:\n#0 D:\\UniServerZ\\www\\rapor\\penilaian_tampil.php(538): mysqli_query()\n#1 {main}\n  thrown in D:\\UniServerZ\\www\\rapor\\penilaian_tampil.php on line 538, referer: http://192.168.10.109/rapor/penilaian_tampil.php
[Thu Dec 11 07:17:21.149843 2025] [php:error] [pid 8832:tid 1804] [client 192.168.10.1:49205] PHP Fatal error:  Uncaught mysqli_sql_exception: Unknown column 'rda.nilai_katrol' in 'field list' in D:\\UniServerZ\\www\\rapor\\penilaian_tampil.php:538\nStack trace:\n#0 D:\\UniServerZ\\www\\rapor\\penilaian_tampil.php(538): mysqli_query()\n#1 {main}\n  thrown in D:\\UniServerZ\\www\\rapor\\penilaian_tampil.php on line 538, referer: http://192.168.10.109/rapor/penilaian_tampil.php?id_mapel=7&id_kelas=17
[Thu Dec 11 07:17:26.533612 2025] [php:error] [pid 8832:tid 1808] [client 192.168.10.1:64216] PHP Fatal error:  Uncaught mysqli_sql_exception: Unknown column 'rda.nilai_katrol' in 'field list' in D:\\UniServerZ\\www\\rapor\\penilaian_tampil.php:538\nStack trace:\n#0 D:\\UniServerZ\\www\\rapor\\penilaian_tampil.php(538): mysqli_query()\n#1 {main}\n  thrown in D:\\UniServerZ\\www\\rapor\\penilaian_tampil.php on line 538, referer: http://192.168.10.109/rapor/penilaian_input_nilai.php?id_penilaian=1196
[Thu Dec 11 07:19:07.696904 2025] [php:error] [pid 8832:tid 1804] [client 192.168.10.1:63405] PHP Fatal error:  Uncaught mysqli_sql_exception: Unknown column 'rda.nilai_katrol' in 'field list' in D:\\UniServerZ\\www\\rapor\\penilaian_tampil.php:538\nStack trace:\n#0 D:\\UniServerZ\\www\\rapor\\penilaian_tampil.php(538): mysqli_query()\n#1 {main}\n  thrown in D:\\UniServerZ\\www\\rapor\\penilaian_tampil.php on line 538, referer: http://192.168.10.109/rapor/penilaian_tampil.php
[Thu Dec 11 07:19:17.814466 2025] [php:error] [pid 8832:tid 1804] [client 192.168.10.1:49220] PHP Fatal error:  Uncaught mysqli_sql_exception: Unknown column 'rda.nilai_katrol' in 'field list' in D:\\UniServerZ\\www\\rapor\\penilaian_tampil.php:538\nStack trace:\n#0 D:\\UniServerZ\\www\\rapor\\penilaian_tampil.php(538): mysqli_query()\n#1 {main}\n  thrown in D:\\UniServerZ\\www\\rapor\\penilaian_tampil.php on line 538, referer: http://192.168.10.109/rapor/penilaian_tampil.php
[Thu Dec 11 07:19:37.397293 2025] [php:error] [pid 8832:tid 1784] [client 192.168.10.1:49831] PHP Fatal error:  Uncaught mysqli_sql_exception: Unknown column 'rda.nilai_katrol' in 'field list' in D:\\UniServerZ\\www\\rapor\\penilaian_tampil.php:538\nStack trace:\n#0 D:\\UniServerZ\\www\\rapor\\penilaian_tampil.php(538): mysqli_query()\n#1 {main}\n  thrown in D:\\UniServerZ\\www\\rapor\\penilaian_tampil.php on line 538, referer: http://192.168.10.109/rapor/penilaian_input_nilai.php?id_penilaian=1192
[Thu Dec 11 07:19:57.599817 2025] [php:error] [pid 8832:tid 1808] [client 192.168.10.1:49224] PHP Fatal error:  Uncaught mysqli_sql_exception: Unknown column 'rda.nilai_katrol' in 'field list' in D:\\UniServerZ\\www\\rapor\\penilaian_tampil.php:538\nStack trace:\n#0 D:\\UniServerZ\\www\\rapor\\penilaian_tampil.php(538): mysqli_query()\n#1 {main}\n  thrown in D:\\UniServerZ\\www\\rapor\\penilaian_tampil.php on line 538, referer: http://192.168.10.109/rapor/penilaian_tampil.php?id_mapel=7&id_kelas=17
[Thu Dec 11 07:20:49.413147 2025] [php:error] [pid 8832:tid 1784] [client 192.168.10.1:60396] PHP Fatal error:  Uncaught mysqli_sql_exception: Unknown column 'rda.nilai_katrol' in 'field list' in D:\\UniServerZ\\www\\rapor\\penilaian_tampil.php:538\nStack trace:\n#0 D:\\UniServerZ\\www\\rapor\\penilaian_tampil.php(538): mysqli_query()\n#1 {main}\n  thrown in D:\\UniServerZ\\www\\rapor\\penilaian_tampil.php on line 538, referer: http://192.168.10.109/rapor/dashboard.php
[Thu Dec 11 07:21:18.507858 2025] [php:error] [pid 8832:tid 1856] [client 192.168.10.1:60407] PHP Fatal error:  Uncaught mysqli_sql_exception: Unknown column 'rda.nilai_katrol' in 'field list' in D:\\UniServerZ\\www\\rapor\\penilaian_tampil.php:538\nStack trace:\n#0 D:\\UniServerZ\\www\\rapor\\penilaian_tampil.php(538): mysqli_query()\n#1 {main}\n  thrown in D:\\UniServerZ\\www\\rapor\\penilaian_tampil.php on line 538, referer: http://192.168.10.109/rapor/dashboard.php
[Thu Dec 11 07:21:37.437999 2025] [php:error] [pid 8832:tid 1784] [client 192.168.10.1:49240] PHP Fatal error:  Uncaught mysqli_sql_exception: Unknown column 'rda.nilai_katrol' in 'field list' in D:\\UniServerZ\\www\\rapor\\penilaian_tampil.php:538\nStack trace:\n#0 D:\\UniServerZ\\www\\rapor\\penilaian_tampil.php(538): mysqli_query()\n#1 {main}\n  thrown in D:\\UniServerZ\\www\\rapor\\penilaian_tampil.php on line 538, referer: http://192.168.10.109/rapor/penilaian_tampil.php
[Thu Dec 11 07:22:03.526447 2025] [php:error] [pid 8832:tid 1784] [client 192.168.10.1:49245] PHP Fatal error:  Uncaught mysqli_sql_exception: Unknown column 'rda.nilai_katrol' in 'field list' in D:\\UniServerZ\\www\\rapor\\penilaian_tampil.php:538\nStack trace:\n#0 D:\\UniServerZ\\www\\rapor\\penilaian_tampil.php(538): mysqli_query()\n#1 {main}\n  thrown in D:\\UniServerZ\\www\\rapor\\penilaian_tampil.php on line 538, referer: http://192.168.10.109/rapor/penilaian_tampil.php?id_mapel=7&id_kelas=17
[Thu Dec 11 07:23:06.941386 2025] [php:error] [pid 8832:tid 1856] [client 192.168.10.1:54819] PHP Fatal error:  Uncaught mysqli_sql_exception: Unknown column 'rda.nilai_katrol' in 'field list' in D:\\UniServerZ\\www\\rapor\\penilaian_tampil.php:538\nStack trace:\n#0 D:\\UniServerZ\\www\\rapor\\penilaian_tampil.php(538): mysqli_query()\n#1 {main}\n  thrown in D:\\UniServerZ\\www\\rapor\\penilaian_tampil.php on line 538, referer: http://192.168.10.109/rapor/penilaian_tampil.php
[Thu Dec 11 07:24:35.584279 2025] [php:error] [pid 8832:tid 1832] [client 192.168.10.1:49276] PHP Fatal error:  Uncaught mysqli_sql_exception: Unknown column 'rda.nilai_katrol' in 'field list' in D:\\UniServerZ\\www\\rapor\\penilaian_tampil.php:538\nStack trace:\n#0 D:\\UniServerZ\\www\\rapor\\penilaian_tampil.php(538): mysqli_query()\n#1 {main}\n  thrown in D:\\UniServerZ\\www\\rapor\\penilaian_tampil.php on line 538, referer: http://192.168.10.109/rapor/penilaian_tampil.php
[Thu Dec 11 07:25:06.038614 2025] [php:error] [pid 8832:tid 1824] [client 192.168.10.1:54263] PHP Fatal error:  Uncaught mysqli_sql_exception: Unknown column 'rda.nilai_katrol' in 'field list' in D:\\UniServerZ\\www\\rapor\\penilaian_tampil.php:538\nStack trace:\n#0 D:\\UniServerZ\\www\\rapor\\penilaian_tampil.php(538): mysqli_query()\n#1 {main}\n  thrown in D:\\UniServerZ\\www\\rapor\\penilaian_tampil.php on line 538, referer: http://192.168.10.109/rapor/penilaian_input_nilai.php?id_penilaian=525
[Thu Dec 11 07:25:21.137338 2025] [php:error] [pid 8832:tid 1820] [client 192.168.10.1:49286] PHP Fatal error:  Uncaught mysqli_sql_exception: Unknown column 'rda.nilai_katrol' in 'field list' in D:\\UniServerZ\\www\\rapor\\penilaian_tampil.php:538\nStack trace:\n#0 D:\\UniServerZ\\www\\rapor\\penilaian_tampil.php(538): mysqli_query()\n#1 {main}\n  thrown in D:\\UniServerZ\\www\\rapor\\penilaian_tampil.php on line 538, referer: http://192.168.10.109/rapor/penilaian_tampil.php?id_mapel=7&id_kelas=18
[Thu Dec 11 07:25:45.841753 2025] [php:error] [pid 8832:tid 1832] [client 192.168.10.1:57313] PHP Fatal error:  Uncaught mysqli_sql_exception: Unknown column 'rda.nilai_katrol' in 'field list' in D:\\UniServerZ\\www\\rapor\\penilaian_tampil.php:538\nStack trace:\n#0 D:\\UniServerZ\\www\\rapor\\penilaian_tampil.php(538): mysqli_query()\n#1 {main}\n  thrown in D:\\UniServerZ\\www\\rapor\\penilaian_tampil.php on line 538, referer: http://192.168.10.109/rapor/penilaian_input_nilai.php?id_penilaian=524
[Thu Dec 11 07:27:53.919317 2025] [php:error] [pid 8832:tid 1820] [client 192.168.10.1:58277] PHP Fatal error:  Uncaught mysqli_sql_exception: Unknown column 'rda.nilai_katrol' in 'field list' in D:\\UniServerZ\\www\\rapor\\penilaian_tampil.php:538\nStack trace:\n#0 D:\\UniServerZ\\www\\rapor\\penilaian_tampil.php(538): mysqli_query()\n#1 {main}\n  thrown in D:\\UniServerZ\\www\\rapor\\penilaian_tampil.php on line 538, referer: http://192.168.10.109/rapor/penilaian_tampil.php
[Thu Dec 11 07:28:36.203215 2025] [php:error] [pid 8832:tid 1856] [client 192.168.10.1:49686] PHP Fatal error:  Uncaught mysqli_sql_exception: Unknown column 'rda.nilai_katrol' in 'field list' in D:\\UniServerZ\\www\\rapor\\penilaian_tampil.php:538\nStack trace:\n#0 D:\\UniServerZ\\www\\rapor\\penilaian_tampil.php(538): mysqli_query()\n#1 {main}\n  thrown in D:\\UniServerZ\\www\\rapor\\penilaian_tampil.php on line 538, referer: http://192.168.10.109/rapor/penilaian_input_nilai.php?id_penilaian=522
[Thu Dec 11 07:28:50.113639 2025] [php:error] [pid 8832:tid 1784] [client 192.168.10.1:49771] PHP Fatal error:  Uncaught mysqli_sql_exception: Unknown column 'rda.nilai_katrol' in 'field list' in D:\\UniServerZ\\www\\rapor\\penilaian_tampil.php:538\nStack trace:\n#0 D:\\UniServerZ\\www\\rapor\\penilaian_tampil.php(538): mysqli_query()\n#1 {main}\n  thrown in D:\\UniServerZ\\www\\rapor\\penilaian_tampil.php on line 538, referer: http://192.168.10.109/rapor/dashboard.php
[Thu Dec 11 07:29:04.578355 2025] [php:error] [pid 8832:tid 1820] [client 192.168.10.1:49783] PHP Fatal error:  Uncaught mysqli_sql_exception: Unknown column 'rda.nilai_katrol' in 'field list' in D:\\UniServerZ\\www\\rapor\\penilaian_tampil.php:538\nStack trace:\n#0 D:\\UniServerZ\\www\\rapor\\penilaian_tampil.php(538): mysqli_query()\n#1 {main}\n  thrown in D:\\UniServerZ\\www\\rapor\\penilaian_tampil.php on line 538, referer: http://192.168.10.109/rapor/penilaian_input_nilai.php?id_penilaian=1173
[Thu Dec 11 07:29:19.909780 2025] [php:error] [pid 8832:tid 1856] [client 192.168.10.1:49782] PHP Fatal error:  Uncaught mysqli_sql_exception: Unknown column 'rda.nilai_katrol' in 'field list' in D:\\UniServerZ\\www\\rapor\\penilaian_tampil.php:538\nStack trace:\n#0 D:\\UniServerZ\\www\\rapor\\penilaian_tampil.php(538): mysqli_query()\n#1 {main}\n  thrown in D:\\UniServerZ\\www\\rapor\\penilaian_tampil.php on line 538, referer: http://192.168.10.109/rapor/penilaian_input_nilai.php?id_penilaian=1174
[Thu Dec 11 07:29:30.978455 2025] [php:error] [pid 8832:tid 1856] [client 192.168.10.1:49782] PHP Fatal error:  Uncaught mysqli_sql_exception: Unknown column 'rda.nilai_katrol' in 'field list' in D:\\UniServerZ\\www\\rapor\\penilaian_tampil.php:538\nStack trace:\n#0 D:\\UniServerZ\\www\\rapor\\penilaian_tampil.php(538): mysqli_query()\n#1 {main}\n  thrown in D:\\UniServerZ\\www\\rapor\\penilaian_tampil.php on line 538, referer: http://192.168.10.109/rapor/penilaian_input_nilai.php?id_penilaian=1175
[Thu Dec 11 07:29:42.431544 2025] [php:error] [pid 8832:tid 1820] [client 192.168.10.1:49784] PHP Fatal error:  Uncaught mysqli_sql_exception: Unknown column 'rda.nilai_katrol' in 'field list' in D:\\UniServerZ\\www\\rapor\\penilaian_tampil.php:538\nStack trace:\n#0 D:\\UniServerZ\\www\\rapor\\penilaian_tampil.php(538): mysqli_query()\n#1 {main}\n  thrown in D:\\UniServerZ\\www\\rapor\\penilaian_tampil.php on line 538, referer: http://192.168.10.109/rapor/penilaian_input_nilai.php?id_penilaian=1176
[Thu Dec 11 07:31:15.188755 2025] [php:error] [pid 8832:tid 1840] [client 192.168.10.1:49794] PHP Fatal error:  Uncaught mysqli_sql_exception: Unknown column 'rda.nilai_katrol' in 'field list' in D:\\UniServerZ\\www\\rapor\\penilaian_tampil.php:538\nStack trace:\n#0 D:\\UniServerZ\\www\\rapor\\penilaian_tampil.php(538): mysqli_query()\n#1 {main}\n  thrown in D:\\UniServerZ\\www\\rapor\\penilaian_tampil.php on line 538, referer: http://192.168.10.109/rapor/dashboard.php
[Thu Dec 11 07:31:21.578550 2025] [php:error] [pid 8832:tid 1860] [client 192.168.10.1:64646] PHP Fatal error:  Uncaught mysqli_sql_exception: Unknown column 'rda.nilai_katrol' in 'field list' in D:\\UniServerZ\\www\\rapor\\penilaian_tampil.php:538\nStack trace:\n#0 D:\\UniServerZ\\www\\rapor\\penilaian_tampil.php(538): mysqli_query()\n#1 {main}\n  thrown in D:\\UniServerZ\\www\\rapor\\penilaian_tampil.php on line 538, referer: http://192.168.10.109/rapor/penilaian_tampil.php
[Thu Dec 11 07:31:31.672195 2025] [php:error] [pid 8832:tid 1840] [client 192.168.10.1:49803] PHP Fatal error:  Uncaught mysqli_sql_exception: Unknown column 'rda.nilai_katrol' in 'field list' in D:\\UniServerZ\\www\\rapor\\penilaian_tampil.php:538\nStack trace:\n#0 D:\\UniServerZ\\www\\rapor\\penilaian_tampil.php(538): mysqli_query()\n#1 {main}\n  thrown in D:\\UniServerZ\\www\\rapor\\penilaian_tampil.php on line 538, referer: http://192.168.10.109/rapor/penilaian_input_nilai.php?id_penilaian=201
[Thu Dec 11 07:32:10.962269 2025] [php:error] [pid 8832:tid 1788] [client 192.168.10.1:49811] PHP Fatal error:  Uncaught mysqli_sql_exception: Unknown column 'rda.nilai_katrol' in 'field list' in D:\\UniServerZ\\www\\rapor\\penilaian_tampil.php:538\nStack trace:\n#0 D:\\UniServerZ\\www\\rapor\\penilaian_tampil.php(538): mysqli_query()\n#1 {main}\n  thrown in D:\\UniServerZ\\www\\rapor\\penilaian_tampil.php on line 538, referer: http://192.168.10.109/rapor/penilaian_input_nilai.php?id_penilaian=193
[Thu Dec 11 07:32:35.311226 2025] [php:error] [pid 8832:tid 1796] [client 192.168.10.1:49819] PHP Fatal error:  Uncaught mysqli_sql_exception: Unknown column 'rda.nilai_katrol' in 'field list' in D:\\UniServerZ\\www\\rapor\\penilaian_tampil.php:538\nStack trace:\n#0 D:\\UniServerZ\\www\\rapor\\penilaian_tampil.php(538): mysqli_query()\n#1 {main}\n  thrown in D:\\UniServerZ\\www\\rapor\\penilaian_tampil.php on line 538, referer: http://192.168.10.109/rapor/penilaian_input_nilai.php?id_penilaian=189
[Thu Dec 11 07:32:55.312446 2025] [php:error] [pid 8832:tid 1824] [client 192.168.10.1:49832] PHP Fatal error:  Uncaught mysqli_sql_exception: Unknown column 'rda.nilai_katrol' in 'field list' in D:\\UniServerZ\\www\\rapor\\penilaian_tampil.php:538\nStack trace:\n#0 D:\\UniServerZ\\www\\rapor\\penilaian_tampil.php(538): mysqli_query()\n#1 {main}\n  thrown in D:\\UniServerZ\\www\\rapor\\penilaian_tampil.php on line 538, referer: http://192.168.10.109/rapor/penilaian_input_nilai.php?id_penilaian=165
[Thu Dec 11 07:46:40.581925 2025] [core:warn] [pid 12912:tid 572] AH00098: pid file D:/ERPAOR/UniServerZ/core/apache2/logs/httpd.pid overwritten -- Unclean shutdown of previous Apache run?
[Thu Dec 11 07:46:40.802705 2025] [mpm_winnt:notice] [pid 12912:tid 572] AH00455: Apache/2.4.58 (Win64) PHP/8.3.0 configured -- resuming normal operations
[Thu Dec 11 07:46:40.802705 2025] [mpm_winnt:notice] [pid 12912:tid 572] AH00456: Apache Lounge VS17 Server built: Oct 18 2023 13:03:18
[Thu Dec 11 07:46:40.802705 2025] [core:notice] [pid 12912:tid 572] AH00094: Command line: 'D:\\ERPAOR\\UniServerZ\\core\\apache2\\bin\\httpd_z.exe -d D:/ERPAOR/UniServerZ/core/apache2 -f D:\\ERPAOR\\UniServerZ\\core\\apache2\\conf\\httpd.conf -d D:\\ERPAOR\\UniServerZ\\core\\apache2'
[Thu Dec 11 07:46:40.802705 2025] [mpm_winnt:notice] [pid 12912:tid 572] AH00418: Parent: Created child process 11896
[Thu Dec 11 07:46:41.228446 2025] [mpm_winnt:notice] [pid 11896:tid 516] AH00354: Child: Starting 150 worker threads.
[Thu Dec 11 07:47:34.866836 2025] [php:error] [pid 11896:tid 1936] [client 127.0.0.1:55512] PHP Fatal error:  Uncaught mysqli_sql_exception: Table 'raporsmp.kokurikuler_kelas_terlibat' doesn't exist in D:\\ERPAOR\\UniServerZ\\www\\rapor\\kokurikuler_tampil.php:44\nStack trace:\n#0 D:\\ERPAOR\\UniServerZ\\www\\rapor\\kokurikuler_tampil.php(44): mysqli_query()\n#1 {main}\n  thrown in D:\\ERPAOR\\UniServerZ\\www\\rapor\\kokurikuler_tampil.php on line 44, referer: http://localhost/rapor/dashboard.php
[Thu Dec 11 08:23:54.547881 2025] [core:warn] [pid 17120:tid 492] AH00098: pid file D:/ERPAOR/UniServerZ/core/apache2/logs/httpd.pid overwritten -- Unclean shutdown of previous Apache run?
[Thu Dec 11 08:23:54.563505 2025] [mpm_winnt:notice] [pid 17120:tid 492] AH00455: Apache/2.4.58 (Win64) PHP/8.3.0 configured -- resuming normal operations
[Thu Dec 11 08:23:54.563505 2025] [mpm_winnt:notice] [pid 17120:tid 492] AH00456: Apache Lounge VS17 Server built: Oct 18 2023 13:03:18
[Thu Dec 11 08:23:54.563505 2025] [core:notice] [pid 17120:tid 492] AH00094: Command line: 'D:\\ERPAOR\\UniServerZ\\core\\apache2\\bin\\httpd_z.exe -d D:/ERPAOR/UniServerZ/core/apache2 -f D:\\ERPAOR\\UniServerZ\\core\\apache2\\conf\\httpd.conf -d D:\\ERPAOR\\UniServerZ\\core\\apache2'
[Thu Dec 11 08:23:54.563505 2025] [mpm_winnt:notice] [pid 17120:tid 492] AH00418: Parent: Created child process 18932
[Thu Dec 11 08:23:54.860862 2025] [mpm_winnt:notice] [pid 18932:tid 484] AH00354: Child: Starting 150 worker threads.
[Tue Mar 03 08:29:24.514644 2026] [core:warn] [pid 4492:tid 508] AH00098: pid file D:/ERPAOR/UniServerZ/core/apache2/logs/httpd.pid overwritten -- Unclean shutdown of previous Apache run?
[Tue Mar 03 08:29:24.998520 2026] [mpm_winnt:notice] [pid 4492:tid 508] AH00455: Apache/2.4.58 (Win64) PHP/8.3.0 configured -- resuming normal operations
[Tue Mar 03 08:29:24.998520 2026] [mpm_winnt:notice] [pid 4492:tid 508] AH00456: Apache Lounge VS17 Server built: Oct 18 2023 13:03:18
[Tue Mar 03 08:29:24.998520 2026] [core:notice] [pid 4492:tid 508] AH00094: Command line: 'D:\\ERPAOR\\UniServerZ\\core\\apache2\\bin\\httpd_z.exe -d D:/ERPAOR/UniServerZ/core/apache2 -f D:\\ERPAOR\\UniServerZ\\core\\apache2\\conf\\httpd.conf -d D:\\ERPAOR\\UniServerZ\\core\\apache2'
[Tue Mar 03 08:29:25.001510 2026] [mpm_winnt:notice] [pid 4492:tid 508] AH00418: Parent: Created child process 15500
[Tue Mar 03 08:29:25.228790 2026] [mpm_winnt:notice] [pid 15500:tid 468] AH00354: Child: Starting 150 worker threads.
[Tue Mar 03 10:12:41.571149 2026] [php:error] [pid 15500:tid 1900] [client 127.0.0.1:59754] script 'D:/ERPAOR/UniServerZ/www/interface.php' not found or unable to stat
[Wed Mar 04 10:12:46.164552 2026] [php:error] [pid 15500:tid 1900] [client 127.0.0.1:52207] script 'D:/ERPAOR/UniServerZ/www/interface.php' not found or unable to stat
[Thu Mar 05 10:12:49.196864 2026] [php:error] [pid 15500:tid 1900] [client 127.0.0.1:51761] script 'D:/ERPAOR/UniServerZ/www/interface.php' not found or unable to stat
[Tue Mar 31 09:03:26.936868 2026] [core:warn] [pid 6124:tid 508] AH00098: pid file D:/ERPAOR/UniServerZ/core/apache2/logs/httpd.pid overwritten -- Unclean shutdown of previous Apache run?
[Tue Mar 31 09:03:28.162189 2026] [mpm_winnt:notice] [pid 6124:tid 508] AH00455: Apache/2.4.58 (Win64) PHP/8.3.0 configured -- resuming normal operations
[Tue Mar 31 09:03:28.162189 2026] [mpm_winnt:notice] [pid 6124:tid 508] AH00456: Apache Lounge VS17 Server built: Oct 18 2023 13:03:18
[Tue Mar 31 09:03:28.162189 2026] [core:notice] [pid 6124:tid 508] AH00094: Command line: 'D:\\ERPAOR\\UniServerZ\\core\\apache2\\bin\\httpd_z.exe -d D:/ERPAOR/UniServerZ/core/apache2 -f D:\\ERPAOR\\UniServerZ\\core\\apache2\\conf\\httpd.conf -d D:\\ERPAOR\\UniServerZ\\core\\apache2'
[Tue Mar 31 09:03:28.178489 2026] [mpm_winnt:notice] [pid 6124:tid 508] AH00418: Parent: Created child process 20592
[Tue Mar 31 09:03:28.523922 2026] [mpm_winnt:notice] [pid 20592:tid 472] AH00354: Child: Starting 150 worker threads.
[Tue Mar 31 09:04:22.213152 2026] [php:error] [pid 20592:tid 1912] [client 127.0.0.1:58455] PHP Fatal error:  Uncaught mysqli_sql_exception: No connection could be made because the target machine actively refused it in D:\\ERPAOR\\UniServerZ\\www\\rapor\\koneksi.php:13\nStack trace:\n#0 D:\\ERPAOR\\UniServerZ\\www\\rapor\\koneksi.php(13): mysqli_connect()\n#1 D:\\ERPAOR\\UniServerZ\\www\\rapor\\index.php(10): require_once('...')\n#2 {main}\n  thrown in D:\\ERPAOR\\UniServerZ\\www\\rapor\\koneksi.php on line 13, referer: http://localhost/index.php
[Tue Mar 31 09:04:28.398343 2026] [php:error] [pid 20592:tid 1912] [client 127.0.0.1:58458] PHP Fatal error:  Uncaught mysqli_sql_exception: No connection could be made because the target machine actively refused it in D:\\ERPAOR\\UniServerZ\\www\\rapor\\koneksi.php:13\nStack trace:\n#0 D:\\ERPAOR\\UniServerZ\\www\\rapor\\koneksi.php(13): mysqli_connect()\n#1 D:\\ERPAOR\\UniServerZ\\www\\rapor\\index.php(10): require_once('...')\n#2 {main}\n  thrown in D:\\ERPAOR\\UniServerZ\\www\\rapor\\koneksi.php on line 13, referer: http://localhost/index.php
[Tue Mar 31 09:04:55.938975 2026] [php:error] [pid 20592:tid 1908] [client 127.0.0.1:64126] PHP Fatal error:  Uncaught mysqli_sql_exception: No connection could be made because the target machine actively refused it in D:\\ERPAOR\\UniServerZ\\www\\paus\\includes\\config.php:16\nStack trace:\n#0 D:\\ERPAOR\\UniServerZ\\www\\paus\\includes\\config.php(16): mysqli->__construct()\n#1 D:\\ERPAOR\\UniServerZ\\www\\paus\\login.php(16): include('...')\n#2 {main}\n  thrown in D:\\ERPAOR\\UniServerZ\\www\\paus\\includes\\config.php on line 16, referer: http://localhost/index.php
[Tue Mar 31 09:05:09.000115 2026] [php:error] [pid 20592:tid 1908] [client 127.0.0.1:64134] PHP Fatal error:  Uncaught mysqli_sql_exception: No connection could be made because the target machine actively refused it in D:\\ERPAOR\\UniServerZ\\www\\rapor\\koneksi.php:13\nStack trace:\n#0 D:\\ERPAOR\\UniServerZ\\www\\rapor\\koneksi.php(13): mysqli_connect()\n#1 D:\\ERPAOR\\UniServerZ\\www\\rapor\\index.php(10): require_once('...')\n#2 {main}\n  thrown in D:\\ERPAOR\\UniServerZ\\www\\rapor\\koneksi.php on line 13, referer: http://localhost/index.php
[Tue Mar 31 09:05:30.442737 2026] [core:warn] [pid 11432:tid 472] AH00098: pid file D:/ERPAOR/UniServerZ/core/apache2/logs/httpd.pid overwritten -- Unclean shutdown of previous Apache run?
[Tue Mar 31 09:05:30.459770 2026] [mpm_winnt:notice] [pid 11432:tid 472] AH00455: Apache/2.4.58 (Win64) PHP/8.3.0 configured -- resuming normal operations
[Tue Mar 31 09:05:30.459770 2026] [mpm_winnt:notice] [pid 11432:tid 472] AH00456: Apache Lounge VS17 Server built: Oct 18 2023 13:03:18
[Tue Mar 31 09:05:30.459770 2026] [core:notice] [pid 11432:tid 472] AH00094: Command line: 'D:\\ERPAOR\\UniServerZ\\core\\apache2\\bin\\httpd_z.exe -d D:/ERPAOR/UniServerZ/core/apache2 -f D:\\ERPAOR\\UniServerZ\\core\\apache2\\conf\\httpd.conf -d D:\\ERPAOR\\UniServerZ\\core\\apache2'
[Tue Mar 31 09:05:30.461771 2026] [mpm_winnt:notice] [pid 11432:tid 472] AH00418: Parent: Created child process 2444
[Tue Mar 31 09:05:30.706868 2026] [mpm_winnt:notice] [pid 2444:tid 492] AH00354: Child: Starting 150 worker threads.
[Tue Mar 31 09:05:41.942301 2026] [php:error] [pid 2444:tid 1908] [client 127.0.0.1:64161] PHP Fatal error:  Uncaught mysqli_sql_exception: No connection could be made because the target machine actively refused it in D:\\ERPAOR\\UniServerZ\\www\\rapor\\koneksi.php:13\nStack trace:\n#0 D:\\ERPAOR\\UniServerZ\\www\\rapor\\koneksi.php(13): mysqli_connect()\n#1 D:\\ERPAOR\\UniServerZ\\www\\rapor\\index.php(10): require_once('...')\n#2 {main}\n  thrown in D:\\ERPAOR\\UniServerZ\\www\\rapor\\koneksi.php on line 13, referer: http://localhost/index.php
[Tue Mar 31 09:05:52.497442 2026] [php:error] [pid 2444:tid 1908] [client 127.0.0.1:64183] PHP Fatal error:  Uncaught mysqli_sql_exception: No connection could be made because the target machine actively refused it in D:\\ERPAOR\\UniServerZ\\www\\rapor\\koneksi.php:13\nStack trace:\n#0 D:\\ERPAOR\\UniServerZ\\www\\rapor\\koneksi.php(13): mysqli_connect()\n#1 D:\\ERPAOR\\UniServerZ\\www\\rapor\\index.php(10): require_once('...')\n#2 {main}\n  thrown in D:\\ERPAOR\\UniServerZ\\www\\rapor\\koneksi.php on line 13, referer: http://localhost/index.php
[Tue Mar 31 09:17:28.429686 2026] [core:warn] [pid 19668:tid 496] AH00098: pid file D:/ERPAOR/UniServerZ/core/apache2/logs/httpd.pid overwritten -- Unclean shutdown of previous Apache run?
[Tue Mar 31 09:17:28.448189 2026] [mpm_winnt:notice] [pid 19668:tid 496] AH00455: Apache/2.4.58 (Win64) PHP/8.3.0 configured -- resuming normal operations
[Tue Mar 31 09:17:28.448189 2026] [mpm_winnt:notice] [pid 19668:tid 496] AH00456: Apache Lounge VS17 Server built: Oct 18 2023 13:03:18
[Tue Mar 31 09:17:28.448189 2026] [core:notice] [pid 19668:tid 496] AH00094: Command line: 'D:\\ERPAOR\\UniServerZ\\core\\apache2\\bin\\httpd_z.exe -d D:/ERPAOR/UniServerZ/core/apache2 -f D:\\ERPAOR\\UniServerZ\\core\\apache2\\conf\\httpd.conf -d D:\\ERPAOR\\UniServerZ\\core\\apache2'
[Tue Mar 31 09:17:28.450190 2026] [mpm_winnt:notice] [pid 19668:tid 496] AH00418: Parent: Created child process 6812
[Tue Mar 31 09:17:28.664460 2026] [mpm_winnt:notice] [pid 6812:tid 472] AH00354: Child: Starting 150 worker threads.
[Tue Mar 31 09:17:38.295586 2026] [php:error] [pid 6812:tid 1912] [client 127.0.0.1:54356] PHP Fatal error:  Uncaught mysqli_sql_exception: No connection could be made because the target machine actively refused it in D:\\ERPAOR\\UniServerZ\\www\\rapor\\koneksi.php:13\nStack trace:\n#0 D:\\ERPAOR\\UniServerZ\\www\\rapor\\koneksi.php(13): mysqli_connect()\n#1 D:\\ERPAOR\\UniServerZ\\www\\rapor\\index.php(10): require_once('...')\n#2 {main}\n  thrown in D:\\ERPAOR\\UniServerZ\\www\\rapor\\koneksi.php on line 13, referer: http://localhost/index.php
[Tue Mar 31 09:52:05.651999 2026] [php:error] [pid 6812:tid 1900] [client 127.0.0.1:58555] PHP Fatal error:  Uncaught mysqli_sql_exception: No connection could be made because the target machine actively refused it in D:\\ERPAOR\\UniServerZ\\www\\rapor\\koneksi.php:13\nStack trace:\n#0 D:\\ERPAOR\\UniServerZ\\www\\rapor\\koneksi.php(13): mysqli_connect()\n#1 D:\\ERPAOR\\UniServerZ\\www\\rapor\\index.php(10): require_once('...')\n#2 {main}\n  thrown in D:\\ERPAOR\\UniServerZ\\www\\rapor\\koneksi.php on line 13, referer: http://localhost/index.php
[Tue Mar 31 09:52:12.661826 2026] [php:error] [pid 6812:tid 1900] [client 127.0.0.1:58558] PHP Fatal error:  Uncaught mysqli_sql_exception: No connection could be made because the target machine actively refused it in D:\\ERPAOR\\UniServerZ\\www\\rapor\\koneksi.php:13\nStack trace:\n#0 D:\\ERPAOR\\UniServerZ\\www\\rapor\\koneksi.php(13): mysqli_connect()\n#1 D:\\ERPAOR\\UniServerZ\\www\\rapor\\index.php(10): require_once('...')\n#2 {main}\n  thrown in D:\\ERPAOR\\UniServerZ\\www\\rapor\\koneksi.php on line 13, referer: http://localhost/index.php
[Tue Mar 31 10:27:07.983210 2026] [core:warn] [pid 2276:tid 472] AH00098: pid file D:/ERPAOR/UniServerZ/core/apache2/logs/httpd.pid overwritten -- Unclean shutdown of previous Apache run?
[Tue Mar 31 10:27:08.425668 2026] [mpm_winnt:notice] [pid 2276:tid 472] AH00455: Apache/2.4.58 (Win64) PHP/8.3.0 configured -- resuming normal operations
[Tue Mar 31 10:27:08.425668 2026] [mpm_winnt:notice] [pid 2276:tid 472] AH00456: Apache Lounge VS17 Server built: Oct 18 2023 13:03:18
[Tue Mar 31 10:27:08.425668 2026] [core:notice] [pid 2276:tid 472] AH00094: Command line: 'D:\\ERPAOR\\UniServerZ\\core\\apache2\\bin\\httpd_z.exe -d D:/ERPAOR/UniServerZ/core/apache2 -f D:\\ERPAOR\\UniServerZ\\core\\apache2\\conf\\httpd.conf -d D:\\ERPAOR\\UniServerZ\\core\\apache2'
[Tue Mar 31 10:27:08.427670 2026] [mpm_winnt:notice] [pid 2276:tid 472] AH00418: Parent: Created child process 4712
[Tue Mar 31 10:27:08.650027 2026] [mpm_winnt:notice] [pid 4712:tid 468] AH00354: Child: Starting 150 worker threads.
[Tue Mar 31 10:27:13.814735 2026] [php:error] [pid 4712:tid 1900] [client 127.0.0.1:49981] script 'D:/ERPAOR/UniServerZ/www/interface.php' not found or unable to stat
[Tue Mar 31 10:27:13.814735 2026] [php:error] [pid 4712:tid 1900] [client 127.0.0.1:49981] script 'D:/ERPAOR/UniServerZ/www/interface.php' not found or unable to stat
[Tue Mar 31 10:37:16.915921 2026] [php:warn] [pid 4712:tid 1888] [client 127.0.0.1:50445] PHP Warning:  Undefined variable $clean_desc in D:\\ERPAOR\\UniServerZ\\www\\rapor\\walikelas_aksi.php on line 128, referer: http://localhost/rapor/walikelas_cetak_rapor.php
[Tue Mar 31 10:37:17.026207 2026] [php:warn] [pid 4712:tid 1888] [client 127.0.0.1:50445] PHP Warning:  Undefined variable $clean_desc in D:\\ERPAOR\\UniServerZ\\www\\rapor\\walikelas_aksi.php on line 128, referer: http://localhost/rapor/walikelas_cetak_rapor.php
[Tue Mar 31 10:37:17.032713 2026] [php:warn] [pid 4712:tid 1888] [client 127.0.0.1:50445] PHP Warning:  Undefined variable $clean_desc in D:\\ERPAOR\\UniServerZ\\www\\rapor\\walikelas_aksi.php on line 128, referer: http://localhost/rapor/walikelas_cetak_rapor.php
[Tue Mar 31 10:37:17.039713 2026] [php:warn] [pid 4712:tid 1888] [client 127.0.0.1:50445] PHP Warning:  Undefined variable $clean_desc in D:\\ERPAOR\\UniServerZ\\www\\rapor\\walikelas_aksi.php on line 128, referer: http://localhost/rapor/walikelas_cetak_rapor.php
[Tue Mar 31 10:37:17.043225 2026] [php:warn] [pid 4712:tid 1888] [client 127.0.0.1:50445] PHP Warning:  Undefined variable $clean_desc in D:\\ERPAOR\\UniServerZ\\www\\rapor\\walikelas_aksi.php on line 128, referer: http://localhost/rapor/walikelas_cetak_rapor.php
[Tue Mar 31 10:37:17.047153 2026] [php:warn] [pid 4712:tid 1888] [client 127.0.0.1:50445] PHP Warning:  Undefined variable $clean_desc in D:\\ERPAOR\\UniServerZ\\www\\rapor\\walikelas_aksi.php on line 128, referer: http://localhost/rapor/walikelas_cetak_rapor.php
[Tue Mar 31 10:37:17.050153 2026] [php:warn] [pid 4712:tid 1888] [client 127.0.0.1:50445] PHP Warning:  Undefined variable $clean_desc in D:\\ERPAOR\\UniServerZ\\www\\rapor\\walikelas_aksi.php on line 128, referer: http://localhost/rapor/walikelas_cetak_rapor.php
[Tue Mar 31 10:37:17.053670 2026] [php:warn] [pid 4712:tid 1888] [client 127.0.0.1:50445] PHP Warning:  Undefined variable $clean_desc in D:\\ERPAOR\\UniServerZ\\www\\rapor\\walikelas_aksi.php on line 128, referer: http://localhost/rapor/walikelas_cetak_rapor.php
[Tue Mar 31 10:37:17.056670 2026] [php:warn] [pid 4712:tid 1888] [client 127.0.0.1:50445] PHP Warning:  Undefined variable $clean_desc in D:\\ERPAOR\\UniServerZ\\www\\rapor\\walikelas_aksi.php on line 128, referer: http://localhost/rapor/walikelas_cetak_rapor.php
[Tue Mar 31 10:37:17.059670 2026] [php:warn] [pid 4712:tid 1888] [client 127.0.0.1:50445] PHP Warning:  Undefined variable $clean_desc in D:\\ERPAOR\\UniServerZ\\www\\rapor\\walikelas_aksi.php on line 128, referer: http://localhost/rapor/walikelas_cetak_rapor.php
